{"id":256,"date":"2021-05-18T22:10:15","date_gmt":"2021-05-19T01:10:15","guid":{"rendered":"https:\/\/fernandapattiarquitetura.com.br\/?page_id=256"},"modified":"2024-10-15T14:40:14","modified_gmt":"2024-10-15T17:40:14","slug":"cursos-e-treinamentos","status":"publish","type":"page","link":"https:\/\/fernandapattiarquitetura.com.br\/?page_id=256","title":{"rendered":"Cursos e Treinamentos"},"content":{"rendered":"\t\t<div data-elementor-type=\"wp-page\" data-elementor-id=\"256\" class=\"elementor elementor-256\" data-elementor-settings=\"[]\">\n\t\t\t\t\t\t\t<div class=\"elementor-section-wrap\">\n\t\t\t\t\t\t\t<section class=\"elementor-section elementor-top-section elementor-element elementor-element-7d575cf elementor-section-height-min-height elementor-section-stretched elementor-section-boxed elementor-section-height-default elementor-section-items-middle\" data-id=\"7d575cf\" data-element_type=\"section\" data-settings=\"{&quot;stretch_section&quot;:&quot;section-stretched&quot;,&quot;background_background&quot;:&quot;classic&quot;,&quot;background_motion_fx_mouseTrack_effect&quot;:&quot;yes&quot;,&quot;background_motion_fx_motion_fx_mouse&quot;:&quot;yes&quot;,&quot;background_motion_fx_mouseTrack_speed&quot;:{&quot;unit&quot;:&quot;px&quot;,&quot;size&quot;:1,&quot;sizes&quot;:[]}}\">\n\t\t\t\t\t\t\t<div class=\"elementor-background-overlay\"><\/div>\n\t\t\t\t\t\t\t<div class=\"elementor-container elementor-column-gap-no\">\n\t\t\t\t\t<div class=\"elementor-column elementor-col-100 elementor-top-column elementor-element elementor-element-11f3776\" data-id=\"11f3776\" data-element_type=\"column\">\n\t\t\t<div class=\"elementor-widget-wrap elementor-element-populated\">\n\t\t\t\t\t\t\t\t\t<\/div>\n\t\t<\/div>\n\t\t\t\t\t\t\t<\/div>\n\t\t<\/section>\n\t\t\t\t<section class=\"elementor-section elementor-top-section elementor-element elementor-element-037b543 elementor-section-boxed elementor-section-height-default elementor-section-height-default\" data-id=\"037b543\" data-element_type=\"section\">\n\t\t\t\t\t\t<div class=\"elementor-container elementor-column-gap-default\">\n\t\t\t\t\t<div class=\"elementor-column elementor-col-50 elementor-top-column elementor-element elementor-element-0dc4eaf\" data-id=\"0dc4eaf\" data-element_type=\"column\">\n\t\t\t<div class=\"elementor-widget-wrap elementor-element-populated\">\n\t\t\t\t\t\t\t\t<div class=\"elementor-element elementor-element-e7c2d09 elementor-widget elementor-widget-image\" data-id=\"e7c2d09\" data-element_type=\"widget\" data-widget_type=\"image.default\">\n\t\t\t\t<div class=\"elementor-widget-container\">\n\t\t\t\t\t\t\t\t\t\t\t\t\t\t\t<img loading=\"lazy\" decoding=\"async\" width=\"800\" height=\"800\" src=\"https:\/\/fernandapattiarquitetura.com.br\/wp-content\/uploads\/2021\/05\/Curso-de-Brigada-de-Incendio.png\" class=\"attachment-large size-large\" alt=\"\" srcset=\"https:\/\/fernandapattiarquitetura.com.br\/wp-content\/uploads\/2021\/05\/Curso-de-Brigada-de-Incendio.png 1000w, https:\/\/fernandapattiarquitetura.com.br\/wp-content\/uploads\/2021\/05\/Curso-de-Brigada-de-Incendio-300x300.png 300w, https:\/\/fernandapattiarquitetura.com.br\/wp-content\/uploads\/2021\/05\/Curso-de-Brigada-de-Incendio-100x100.png 100w, https:\/\/fernandapattiarquitetura.com.br\/wp-content\/uploads\/2021\/05\/Curso-de-Brigada-de-Incendio-600x600.png 600w, https:\/\/fernandapattiarquitetura.com.br\/wp-content\/uploads\/2021\/05\/Curso-de-Brigada-de-Incendio-150x150.png 150w, https:\/\/fernandapattiarquitetura.com.br\/wp-content\/uploads\/2021\/05\/Curso-de-Brigada-de-Incendio-768x768.png 768w\" sizes=\"(max-width: 800px) 100vw, 800px\" \/>\t\t\t\t\t\t\t\t\t\t\t\t\t\t\t<\/div>\n\t\t\t\t<\/div>\n\t\t\t\t<div class=\"elementor-element elementor-element-2f4dfc2 elementor-widget elementor-widget-heading\" data-id=\"2f4dfc2\" data-element_type=\"widget\" data-widget_type=\"heading.default\">\n\t\t\t\t<div class=\"elementor-widget-container\">\n\t\t\t<h2 class=\"elementor-heading-title elementor-size-default\">Curso de Brigada de Inc\u00eandio<\/h2>\t\t<\/div>\n\t\t\t\t<\/div>\n\t\t\t\t<div class=\"elementor-element elementor-element-6e63b2e elementor-widget elementor-widget-text-editor\" data-id=\"6e63b2e\" data-element_type=\"widget\" data-widget_type=\"text-editor.default\">\n\t\t\t\t<div class=\"elementor-widget-container\">\n\t\t\t\t\t\t\t<p>Nosso Curso de Brigada de Inc\u00eandio \u00e9 projetado para capacitar sua equipe a agir de forma eficaz em situa\u00e7\u00f5es de emerg\u00eancia. A forma\u00e7\u00e3o abrange teoria e pr\u00e1tica, garantindo que todos os participantes saibam como identificar riscos, utilizar equipamentos de combate a inc\u00eandio e realizar evacua\u00e7\u00f5es de maneira segura e eficiente.<\/p>\t\t\t\t\t\t<\/div>\n\t\t\t\t<\/div>\n\t\t\t\t<div class=\"elementor-element elementor-element-b6732b3 elementor-widget elementor-widget-heading\" data-id=\"b6732b3\" data-element_type=\"widget\" data-widget_type=\"heading.default\">\n\t\t\t\t<div class=\"elementor-widget-container\">\n\t\t\t<h2 class=\"elementor-heading-title elementor-size-default\"><a href=\"https:\/\/api.whatsapp.com\/send?phone=5522992031103&#038;text=Ol%C3%A1%2C%20gostaria%20de%20saber%20mais%20sobre%20os%20cursos.\">Entre em contato para mais informa\u00e7\u00f5es<\/a><\/h2>\t\t<\/div>\n\t\t\t\t<\/div>\n\t\t\t\t\t<\/div>\n\t\t<\/div>\n\t\t\t\t<div class=\"elementor-column elementor-col-50 elementor-top-column elementor-element elementor-element-66f538c\" data-id=\"66f538c\" data-element_type=\"column\">\n\t\t\t<div class=\"elementor-widget-wrap elementor-element-populated\">\n\t\t\t\t\t\t\t\t<div class=\"elementor-element elementor-element-289fffa elementor-widget elementor-widget-image\" data-id=\"289fffa\" data-element_type=\"widget\" data-widget_type=\"image.default\">\n\t\t\t\t<div class=\"elementor-widget-container\">\n\t\t\t\t\t\t\t\t\t\t\t\t\t\t\t<img loading=\"lazy\" decoding=\"async\" width=\"800\" height=\"534\" src=\"https:\/\/fernandapattiarquitetura.com.br\/wp-content\/uploads\/2021\/05\/curso-elaboracao-projeto-incendio.jpg\" class=\"attachment-large size-large\" alt=\"\" srcset=\"https:\/\/fernandapattiarquitetura.com.br\/wp-content\/uploads\/2021\/05\/curso-elaboracao-projeto-incendio.jpg 800w, https:\/\/fernandapattiarquitetura.com.br\/wp-content\/uploads\/2021\/05\/curso-elaboracao-projeto-incendio-600x401.jpg 600w, https:\/\/fernandapattiarquitetura.com.br\/wp-content\/uploads\/2021\/05\/curso-elaboracao-projeto-incendio-300x200.jpg 300w, https:\/\/fernandapattiarquitetura.com.br\/wp-content\/uploads\/2021\/05\/curso-elaboracao-projeto-incendio-768x513.jpg 768w\" sizes=\"(max-width: 800px) 100vw, 800px\" \/>\t\t\t\t\t\t\t\t\t\t\t\t\t\t\t<\/div>\n\t\t\t\t<\/div>\n\t\t\t\t<div class=\"elementor-element elementor-element-98a5002 elementor-widget elementor-widget-heading\" data-id=\"98a5002\" data-element_type=\"widget\" data-widget_type=\"heading.default\">\n\t\t\t\t<div class=\"elementor-widget-container\">\n\t\t\t<h2 class=\"elementor-heading-title elementor-size-default\">Curso de Elabora\u00e7\u00e3o de Projeto Contra Inc\u00eandio<\/h2>\t\t<\/div>\n\t\t\t\t<\/div>\n\t\t\t\t<div class=\"elementor-element elementor-element-9ac444c elementor-widget elementor-widget-text-editor\" data-id=\"9ac444c\" data-element_type=\"widget\" data-widget_type=\"text-editor.default\">\n\t\t\t\t<div class=\"elementor-widget-container\">\n\t\t\t\t\t\t\t<p style=\"background: white; vertical-align: baseline; margin: 0cm 0cm 11.25pt 0cm;\">Nosso Curso de Elabora\u00e7\u00e3o de Projeto Contra Inc\u00eandio \u00e9 ideal para profissionais que desejam aprofundar seus conhecimentos na cria\u00e7\u00e3o de projetos de preven\u00e7\u00e3o e combate a inc\u00eandios, alinhados com as normas e regulamenta\u00e7\u00f5es vigentes. Este curso oferece uma combina\u00e7\u00e3o de teoria e pr\u00e1tica, preparando os participantes para desenvolver projetos completos e eficientes.<\/p>\t\t\t\t\t\t<\/div>\n\t\t\t\t<\/div>\n\t\t\t\t<div class=\"elementor-element elementor-element-4d8853b elementor-widget elementor-widget-heading\" data-id=\"4d8853b\" data-element_type=\"widget\" data-widget_type=\"heading.default\">\n\t\t\t\t<div class=\"elementor-widget-container\">\n\t\t\t<h2 class=\"elementor-heading-title elementor-size-default\"><a href=\"https:\/\/api.whatsapp.com\/send?phone=5522992031103&#038;text=Ol%C3%A1%2C%20gostaria%20de%20saber%20mais%20sobre%20os%20cursos.\" target=\"_blank\">Entre em contato para mais informa\u00e7\u00f5es<\/a><\/h2>\t\t<\/div>\n\t\t\t\t<\/div>\n\t\t\t\t\t<\/div>\n\t\t<\/div>\n\t\t\t\t\t\t\t<\/div>\n\t\t<\/section>\n\t\t\t\t\t\t<\/div>\n\t\t\t\t\t<\/div>\n\t\t","protected":false},"excerpt":{"rendered":"<p>Curso de Brigada de Inc\u00eandio Nosso Curso de Brigada de Inc\u00eandio \u00e9 projetado para capacitar sua equipe a agir de forma eficaz em situa\u00e7\u00f5es de emerg\u00eancia. A forma\u00e7\u00e3o abrange teoria e pr\u00e1tica, garantindo que todos os participantes saibam como identificar riscos, utilizar equipamentos de combate a inc\u00eandio e realizar evacua\u00e7\u00f5es de maneira segura e eficiente. [&hellip;]<\/p>\n","protected":false},"author":1,"featured_media":0,"parent":0,"menu_order":0,"comment_status":"closed","ping_status":"closed","template":"elementor_header_footer","meta":{"footnotes":""},"class_list":["post-256","page","type-page","status-publish","hentry"],"_links":{"self":[{"href":"https:\/\/fernandapattiarquitetura.com.br\/index.php?rest_route=\/wp\/v2\/pages\/256"}],"collection":[{"href":"https:\/\/fernandapattiarquitetura.com.br\/index.php?rest_route=\/wp\/v2\/pages"}],"about":[{"href":"https:\/\/fernandapattiarquitetura.com.br\/index.php?rest_route=\/wp\/v2\/types\/page"}],"author":[{"embeddable":true,"href":"https:\/\/fernandapattiarquitetura.com.br\/index.php?rest_route=\/wp\/v2\/users\/1"}],"replies":[{"embeddable":true,"href":"https:\/\/fernandapattiarquitetura.com.br\/index.php?rest_route=%2Fwp%2Fv2%2Fcomments&post=256"}],"version-history":[{"count":19,"href":"https:\/\/fernandapattiarquitetura.com.br\/index.php?rest_route=\/wp\/v2\/pages\/256\/revisions"}],"predecessor-version":[{"id":1081,"href":"https:\/\/fernandapattiarquitetura.com.br\/index.php?rest_route=\/wp\/v2\/pages\/256\/revisions\/1081"}],"wp:attachment":[{"href":"https:\/\/fernandapattiarquitetura.com.br\/index.php?rest_route=%2Fwp%2Fv2%2Fmedia&parent=256"}],"curies":[{"name":"wp","href":"https:\/\/api.w.org\/{rel}","templated":true}]}}