{"id":25,"date":"2021-05-18T14:03:33","date_gmt":"2021-05-18T17:03:33","guid":{"rendered":"https:\/\/fernandapattiarquitetura.com.br\/?page_id=25"},"modified":"2025-09-24T14:52:25","modified_gmt":"2025-09-24T17:52:25","slug":"home","status":"publish","type":"page","link":"https:\/\/fernandapattiarquitetura.com.br\/","title":{"rendered":"Home"},"content":{"rendered":"\t\t<div data-elementor-type=\"wp-page\" data-elementor-id=\"25\" class=\"elementor elementor-25\" data-elementor-settings=\"[]\">\n\t\t\t\t\t\t\t<div class=\"elementor-section-wrap\">\n\t\t\t\t\t\t\t<section class=\"elementor-section elementor-top-section elementor-element elementor-element-5d2693e elementor-section-full_width elementor-section-height-min-height elementor-section-stretched elementor-section-height-default elementor-section-items-middle\" data-id=\"5d2693e\" data-element_type=\"section\" data-settings=\"{&quot;stretch_section&quot;:&quot;section-stretched&quot;,&quot;background_background&quot;:&quot;classic&quot;}\">\n\t\t\t\t\t\t<div class=\"elementor-container elementor-column-gap-no\">\n\t\t\t\t\t<div class=\"elementor-column elementor-col-50 elementor-top-column elementor-element elementor-element-c320013 elementor-invisible\" data-id=\"c320013\" data-element_type=\"column\" data-settings=\"{&quot;animation&quot;:&quot;bounceInLeft&quot;}\">\n\t\t\t<div class=\"elementor-widget-wrap elementor-element-populated\">\n\t\t\t\t\t\t\t\t<div class=\"elementor-element elementor-element-3769414 elementor-widget elementor-widget-heading\" data-id=\"3769414\" data-element_type=\"widget\" data-widget_type=\"heading.default\">\n\t\t\t\t<div class=\"elementor-widget-container\">\n\t\t\t<h2 class=\"elementor-heading-title elementor-size-default\">Solu\u00e7\u00f5es em Projetos de<\/br>Arquitetura, Prote\u00e7\u00e3o contra<\/br>Inc\u00eandio e Legaliza\u00e7\u00f5es<\/h2>\t\t<\/div>\n\t\t\t\t<\/div>\n\t\t\t\t<div class=\"elementor-element elementor-element-feef76a elementor-widget elementor-widget-text-editor\" data-id=\"feef76a\" data-element_type=\"widget\" data-widget_type=\"text-editor.default\">\n\t\t\t\t<div class=\"elementor-widget-container\">\n\t\t\t\t\t\t\t<p>Somos especialistas na regulariza\u00e7\u00e3o de empresas e projetos junto ao Corpo de Bombeiros (CBMERJ), garantindo a conformidade do seu neg\u00f3cio com todas as exig\u00eancias legais.<\/p>\t\t\t\t\t\t<\/div>\n\t\t\t\t<\/div>\n\t\t\t\t<div class=\"elementor-element elementor-element-8f9cca8 elementor-widget elementor-widget-button\" data-id=\"8f9cca8\" data-element_type=\"widget\" data-widget_type=\"button.default\">\n\t\t\t\t<div class=\"elementor-widget-container\">\n\t\t\t\t\t<div class=\"elementor-button-wrapper\">\n\t\t\t<a href=\"https:\/\/api.whatsapp.com\/send?phone=5522992039616&#038;text=Ol%C3%A1%2C%20gostaria%20de%20solicitar%20um%20or%C3%A7amento.\" class=\"elementor-button-link elementor-button elementor-size-sm\" role=\"button\">\n\t\t\t\t\t\t<span class=\"elementor-button-content-wrapper\">\n\t\t\t\t\t\t<span class=\"elementor-button-text\">Falar com um Especialista<\/span>\n\t\t<\/span>\n\t\t\t\t\t<\/a>\n\t\t<\/div>\n\t\t\t\t<\/div>\n\t\t\t\t<\/div>\n\t\t\t\t\t<\/div>\n\t\t<\/div>\n\t\t\t\t<div class=\"elementor-column elementor-col-50 elementor-top-column elementor-element elementor-element-4b69293 elementor-invisible\" data-id=\"4b69293\" data-element_type=\"column\" data-settings=\"{&quot;animation&quot;:&quot;bounceInRight&quot;}\">\n\t\t\t<div class=\"elementor-widget-wrap elementor-element-populated\">\n\t\t\t\t\t\t\t\t<div class=\"elementor-element elementor-element-ae01f09 elementor-widget elementor-widget-image\" data-id=\"ae01f09\" data-element_type=\"widget\" data-widget_type=\"image.default\">\n\t\t\t\t<div class=\"elementor-widget-container\">\n\t\t\t\t\t\t\t\t\t\t\t\t\t\t\t<img loading=\"lazy\" decoding=\"async\" width=\"800\" height=\"565\" src=\"https:\/\/fernandapattiarquitetura.com.br\/wp-content\/uploads\/2021\/05\/imagem-banner-topo-1024x723.png\" class=\"attachment-large size-large\" alt=\"\" srcset=\"https:\/\/fernandapattiarquitetura.com.br\/wp-content\/uploads\/2021\/05\/imagem-banner-topo-1024x723.png 1024w, https:\/\/fernandapattiarquitetura.com.br\/wp-content\/uploads\/2021\/05\/imagem-banner-topo-600x424.png 600w, https:\/\/fernandapattiarquitetura.com.br\/wp-content\/uploads\/2021\/05\/imagem-banner-topo-300x212.png 300w, https:\/\/fernandapattiarquitetura.com.br\/wp-content\/uploads\/2021\/05\/imagem-banner-topo-768x542.png 768w, https:\/\/fernandapattiarquitetura.com.br\/wp-content\/uploads\/2021\/05\/imagem-banner-topo-1536x1084.png 1536w, https:\/\/fernandapattiarquitetura.com.br\/wp-content\/uploads\/2021\/05\/imagem-banner-topo.png 1925w\" sizes=\"(max-width: 800px) 100vw, 800px\" \/>\t\t\t\t\t\t\t\t\t\t\t\t\t\t\t<\/div>\n\t\t\t\t<\/div>\n\t\t\t\t\t<\/div>\n\t\t<\/div>\n\t\t\t\t\t\t\t<\/div>\n\t\t<\/section>\n\t\t\t\t<section class=\"elementor-section elementor-top-section elementor-element elementor-element-7ec2b3a elementor-section-boxed elementor-section-height-default elementor-section-height-default elementor-invisible\" data-id=\"7ec2b3a\" data-element_type=\"section\" data-settings=\"{&quot;animation&quot;:&quot;bounceInUp&quot;}\">\n\t\t\t\t\t\t<div class=\"elementor-container elementor-column-gap-default\">\n\t\t\t\t\t<div class=\"elementor-column elementor-col-100 elementor-top-column elementor-element elementor-element-285ac28\" data-id=\"285ac28\" data-element_type=\"column\">\n\t\t\t<div class=\"elementor-widget-wrap elementor-element-populated\">\n\t\t\t\t\t\t\t\t<div class=\"elementor-element elementor-element-6ff5296 elementor-widget elementor-widget-heading\" data-id=\"6ff5296\" data-element_type=\"widget\" data-widget_type=\"heading.default\">\n\t\t\t\t<div class=\"elementor-widget-container\">\n\t\t\t<h2 class=\"elementor-heading-title elementor-size-default\">Fernanda Patti Arquitetura<\/h2>\t\t<\/div>\n\t\t\t\t<\/div>\n\t\t\t\t<div class=\"elementor-element elementor-element-8141e5a elementor-widget elementor-widget-heading\" data-id=\"8141e5a\" data-element_type=\"widget\" data-widget_type=\"heading.default\">\n\t\t\t\t<div class=\"elementor-widget-container\">\n\t\t\t<h2 class=\"elementor-heading-title elementor-size-default\">Legaliza\u00e7\u00f5es e Execu\u00e7\u00f5es de Projetos Arquitet\u00f4nicos, Inc\u00eandio e Seguran\u00e7a<\/h2>\t\t<\/div>\n\t\t\t\t<\/div>\n\t\t\t\t<div class=\"elementor-element elementor-element-74ebd44 elementor-widget elementor-widget-heading\" data-id=\"74ebd44\" data-element_type=\"widget\" data-widget_type=\"heading.default\">\n\t\t\t\t<div class=\"elementor-widget-container\">\n\t\t\t<h2 class=\"elementor-heading-title elementor-size-default\">Conhe\u00e7a nossos servi\u00e7os e o que podemos fazer por sua empresa<\/h2>\t\t<\/div>\n\t\t\t\t<\/div>\n\t\t\t\t\t<\/div>\n\t\t<\/div>\n\t\t\t\t\t\t\t<\/div>\n\t\t<\/section>\n\t\t\t\t<section class=\"elementor-section elementor-top-section elementor-element elementor-element-c65da23 elementor-section-boxed elementor-section-height-default elementor-section-height-default elementor-invisible\" data-id=\"c65da23\" data-element_type=\"section\" data-settings=\"{&quot;animation&quot;:&quot;bounceInUp&quot;}\">\n\t\t\t\t\t\t<div class=\"elementor-container elementor-column-gap-default\">\n\t\t\t\t\t<div class=\"elementor-column elementor-col-20 elementor-top-column elementor-element elementor-element-8d5dde3\" data-id=\"8d5dde3\" data-element_type=\"column\">\n\t\t\t<div class=\"elementor-widget-wrap elementor-element-populated\">\n\t\t\t\t\t\t\t\t<div class=\"elementor-element elementor-element-9499b26 elementor-position-top elementor-vertical-align-top elementor-widget elementor-widget-image-box\" data-id=\"9499b26\" data-element_type=\"widget\" data-widget_type=\"image-box.default\">\n\t\t\t\t<div class=\"elementor-widget-container\">\n\t\t\t<div class=\"elementor-image-box-wrapper\"><figure class=\"elementor-image-box-img\"><img loading=\"lazy\" decoding=\"async\" width=\"979\" height=\"999\" src=\"https:\/\/fernandapattiarquitetura.com.br\/wp-content\/uploads\/2021\/05\/consultoria-icone-cor.png\" class=\"attachment-full size-full\" alt=\"\" \/><\/figure><div class=\"elementor-image-box-content\"><h3 class=\"elementor-image-box-title\">Consultoria T\u00e9cnica<\/h3><\/div><\/div>\t\t<\/div>\n\t\t\t\t<\/div>\n\t\t\t\t\t<\/div>\n\t\t<\/div>\n\t\t\t\t<div class=\"elementor-column elementor-col-20 elementor-top-column elementor-element elementor-element-e664f95\" data-id=\"e664f95\" data-element_type=\"column\">\n\t\t\t<div class=\"elementor-widget-wrap elementor-element-populated\">\n\t\t\t\t\t\t\t\t<div class=\"elementor-element elementor-element-9957b45 elementor-position-top elementor-vertical-align-top elementor-widget elementor-widget-image-box\" data-id=\"9957b45\" data-element_type=\"widget\" data-widget_type=\"image-box.default\">\n\t\t\t\t<div class=\"elementor-widget-container\">\n\t\t\t<div class=\"elementor-image-box-wrapper\"><figure class=\"elementor-image-box-img\"><img loading=\"lazy\" decoding=\"async\" width=\"926\" height=\"1001\" src=\"https:\/\/fernandapattiarquitetura.com.br\/wp-content\/uploads\/2021\/05\/incendio-icone-cor.png\" class=\"attachment-full size-full\" alt=\"\" \/><\/figure><div class=\"elementor-image-box-content\"><h3 class=\"elementor-image-box-title\">Instala\u00e7\u00e3o e execu\u00e7\u00e3o de equipamentos de preven\u00e7\u00e3o contra inc\u00eandio<\/h3><\/div><\/div>\t\t<\/div>\n\t\t\t\t<\/div>\n\t\t\t\t\t<\/div>\n\t\t<\/div>\n\t\t\t\t<div class=\"elementor-column elementor-col-20 elementor-top-column elementor-element elementor-element-4843033\" data-id=\"4843033\" data-element_type=\"column\">\n\t\t\t<div class=\"elementor-widget-wrap elementor-element-populated\">\n\t\t\t\t\t\t\t\t<div class=\"elementor-element elementor-element-2d7c6d5 elementor-position-top elementor-vertical-align-top elementor-widget elementor-widget-image-box\" data-id=\"2d7c6d5\" data-element_type=\"widget\" data-widget_type=\"image-box.default\">\n\t\t\t\t<div class=\"elementor-widget-container\">\n\t\t\t<div class=\"elementor-image-box-wrapper\"><figure class=\"elementor-image-box-img\"><img loading=\"lazy\" decoding=\"async\" width=\"850\" height=\"1001\" src=\"https:\/\/fernandapattiarquitetura.com.br\/wp-content\/uploads\/2021\/05\/laudo-icone-cor.png\" class=\"attachment-full size-full\" alt=\"\" \/><\/figure><div class=\"elementor-image-box-content\"><h3 class=\"elementor-image-box-title\">Laudo e Parecer T\u00e9cnico<\/h3><\/div><\/div>\t\t<\/div>\n\t\t\t\t<\/div>\n\t\t\t\t\t<\/div>\n\t\t<\/div>\n\t\t\t\t<div class=\"elementor-column elementor-col-20 elementor-top-column elementor-element elementor-element-3f2a4ea\" data-id=\"3f2a4ea\" data-element_type=\"column\">\n\t\t\t<div class=\"elementor-widget-wrap elementor-element-populated\">\n\t\t\t\t\t\t\t\t<div class=\"elementor-element elementor-element-d1e661f elementor-position-top elementor-vertical-align-top elementor-widget elementor-widget-image-box\" data-id=\"d1e661f\" data-element_type=\"widget\" data-widget_type=\"image-box.default\">\n\t\t\t\t<div class=\"elementor-widget-container\">\n\t\t\t<div class=\"elementor-image-box-wrapper\"><figure class=\"elementor-image-box-img\"><img loading=\"lazy\" decoding=\"async\" width=\"926\" height=\"1001\" src=\"https:\/\/fernandapattiarquitetura.com.br\/wp-content\/uploads\/2021\/05\/incendio-icone-cor.png\" class=\"attachment-full size-full\" alt=\"\" \/><\/figure><div class=\"elementor-image-box-content\"><h3 class=\"elementor-image-box-title\">Projeto de Preven\u00e7\u00e3o e combate a inc\u00eandio<\/h3><\/div><\/div>\t\t<\/div>\n\t\t\t\t<\/div>\n\t\t\t\t\t<\/div>\n\t\t<\/div>\n\t\t\t\t<div class=\"elementor-column elementor-col-20 elementor-top-column elementor-element elementor-element-f26b3d4\" data-id=\"f26b3d4\" data-element_type=\"column\">\n\t\t\t<div class=\"elementor-widget-wrap elementor-element-populated\">\n\t\t\t\t\t\t\t\t<div class=\"elementor-element elementor-element-d5dea09 elementor-position-top elementor-vertical-align-top elementor-widget elementor-widget-image-box\" data-id=\"d5dea09\" data-element_type=\"widget\" data-widget_type=\"image-box.default\">\n\t\t\t\t<div class=\"elementor-widget-container\">\n\t\t\t<div class=\"elementor-image-box-wrapper\"><figure class=\"elementor-image-box-img\"><img loading=\"lazy\" decoding=\"async\" width=\"753\" height=\"937\" src=\"https:\/\/fernandapattiarquitetura.com.br\/wp-content\/uploads\/2021\/05\/leglizacao-icone-cor.png\" class=\"attachment-full size-full\" alt=\"\" \/><\/figure><div class=\"elementor-image-box-content\"><h3 class=\"elementor-image-box-title\">Legaliza\u00e7\u00f5es<\/h3><\/div><\/div>\t\t<\/div>\n\t\t\t\t<\/div>\n\t\t\t\t\t<\/div>\n\t\t<\/div>\n\t\t\t\t\t\t\t<\/div>\n\t\t<\/section>\n\t\t\t\t<section class=\"elementor-section elementor-top-section elementor-element elementor-element-52e4795 elementor-section-full_width elementor-section-height-min-height elementor-section-stretched elementor-section-height-default elementor-section-items-middle elementor-invisible\" data-id=\"52e4795\" data-element_type=\"section\" data-settings=\"{&quot;stretch_section&quot;:&quot;section-stretched&quot;,&quot;background_background&quot;:&quot;classic&quot;,&quot;animation&quot;:&quot;bounceInUp&quot;}\">\n\t\t\t\t\t\t<div class=\"elementor-container elementor-column-gap-no\">\n\t\t\t\t\t<div class=\"elementor-column elementor-col-100 elementor-top-column elementor-element elementor-element-1125d1e\" data-id=\"1125d1e\" data-element_type=\"column\">\n\t\t\t<div class=\"elementor-widget-wrap elementor-element-populated\">\n\t\t\t\t\t\t\t\t<section class=\"elementor-section elementor-inner-section elementor-element elementor-element-bf8b7a8 elementor-section-boxed elementor-section-height-default elementor-section-height-default\" data-id=\"bf8b7a8\" data-element_type=\"section\">\n\t\t\t\t\t\t<div class=\"elementor-container elementor-column-gap-default\">\n\t\t\t\t\t<div class=\"elementor-column elementor-col-50 elementor-inner-column elementor-element elementor-element-64e6775\" data-id=\"64e6775\" data-element_type=\"column\">\n\t\t\t<div class=\"elementor-widget-wrap elementor-element-populated\">\n\t\t\t\t\t\t\t\t<div class=\"elementor-element elementor-element-ee77cd2 elementor-widget elementor-widget-heading\" data-id=\"ee77cd2\" data-element_type=\"widget\" data-widget_type=\"heading.default\">\n\t\t\t\t<div class=\"elementor-widget-container\">\n\t\t\t<h2 class=\"elementor-heading-title elementor-size-default\">Fernanda Paim Patti<\/h2>\t\t<\/div>\n\t\t\t\t<\/div>\n\t\t\t\t<div class=\"elementor-element elementor-element-ed40b29 elementor-widget elementor-widget-heading\" data-id=\"ed40b29\" data-element_type=\"widget\" data-widget_type=\"heading.default\">\n\t\t\t\t<div class=\"elementor-widget-container\">\n\t\t\t<h2 class=\"elementor-heading-title elementor-size-default\">Arquiteta formada pela Universidade Santa \u00darsula - Desde 2015<\/h2>\t\t<\/div>\n\t\t\t\t<\/div>\n\t\t\t\t<div class=\"elementor-element elementor-element-80222fe elementor-widget elementor-widget-text-editor\" data-id=\"80222fe\" data-element_type=\"widget\" data-widget_type=\"text-editor.default\">\n\t\t\t\t<div class=\"elementor-widget-container\">\n\t\t\t\t\t\t\t<p><b>Fernanda Patti Arquitetura<\/b> \u00e9 um escrit\u00f3rio especializado no desenvolvimento e execu\u00e7\u00e3o de projetos de arquitetura, interiores e seguran\u00e7a contra inc\u00eandio e p\u00e2nico. Com s\u00f3lida experi\u00eancia nos setores residencial, comercial e corporativo, nosso compromisso \u00e9 gerar valor atrav\u00e9s de ideias inovadoras e solu\u00e7\u00f5es personalizadas. Entendemos que cada cliente possui necessidades \u00fanicas, e por isso, unimos criatividade e expertise t\u00e9cnica para criar projetos exclusivos, onde funcionalidade, praticidade e est\u00e9tica se integram em perfeita harmonia.<\/p>\t\t\t\t\t\t<\/div>\n\t\t\t\t<\/div>\n\t\t\t\t\t<\/div>\n\t\t<\/div>\n\t\t\t\t<div class=\"elementor-column elementor-col-50 elementor-inner-column elementor-element elementor-element-333da9d\" data-id=\"333da9d\" data-element_type=\"column\">\n\t\t\t<div class=\"elementor-widget-wrap elementor-element-populated\">\n\t\t\t\t\t\t\t\t<div class=\"elementor-element elementor-element-eb6707f elementor-widget elementor-widget-image\" data-id=\"eb6707f\" data-element_type=\"widget\" data-widget_type=\"image.default\">\n\t\t\t\t<div class=\"elementor-widget-container\">\n\t\t\t\t\t\t\t\t\t\t\t\t\t\t\t<img loading=\"lazy\" decoding=\"async\" width=\"720\" height=\"720\" src=\"https:\/\/fernandapattiarquitetura.com.br\/wp-content\/uploads\/2021\/05\/fernanda-premio-exito.jpeg\" class=\"attachment-large size-large\" alt=\"\" srcset=\"https:\/\/fernandapattiarquitetura.com.br\/wp-content\/uploads\/2021\/05\/fernanda-premio-exito.jpeg 720w, https:\/\/fernandapattiarquitetura.com.br\/wp-content\/uploads\/2021\/05\/fernanda-premio-exito-300x300.jpeg 300w, https:\/\/fernandapattiarquitetura.com.br\/wp-content\/uploads\/2021\/05\/fernanda-premio-exito-100x100.jpeg 100w, https:\/\/fernandapattiarquitetura.com.br\/wp-content\/uploads\/2021\/05\/fernanda-premio-exito-600x600.jpeg 600w, https:\/\/fernandapattiarquitetura.com.br\/wp-content\/uploads\/2021\/05\/fernanda-premio-exito-150x150.jpeg 150w\" sizes=\"(max-width: 720px) 100vw, 720px\" \/>\t\t\t\t\t\t\t\t\t\t\t\t\t\t\t<\/div>\n\t\t\t\t<\/div>\n\t\t\t\t\t<\/div>\n\t\t<\/div>\n\t\t\t\t\t\t\t<\/div>\n\t\t<\/section>\n\t\t\t\t\t<\/div>\n\t\t<\/div>\n\t\t\t\t\t\t\t<\/div>\n\t\t<\/section>\n\t\t\t\t\t\t<\/div>\n\t\t\t\t\t<\/div>\n\t\t","protected":false},"excerpt":{"rendered":"<p>Solu\u00e7\u00f5es em Projetos deArquitetura, Prote\u00e7\u00e3o contraInc\u00eandio e Legaliza\u00e7\u00f5es Somos especialistas na regulariza\u00e7\u00e3o de empresas e projetos junto ao Corpo de Bombeiros (CBMERJ), garantindo a conformidade do seu neg\u00f3cio com todas as exig\u00eancias legais. Falar com um Especialista Fernanda Patti Arquitetura Legaliza\u00e7\u00f5es e Execu\u00e7\u00f5es de Projetos Arquitet\u00f4nicos, Inc\u00eandio e Seguran\u00e7a Conhe\u00e7a nossos servi\u00e7os e o que [&hellip;]<\/p>\n","protected":false},"author":1,"featured_media":0,"parent":0,"menu_order":0,"comment_status":"closed","ping_status":"closed","template":"elementor_header_footer","meta":{"footnotes":""},"class_list":["post-25","page","type-page","status-publish","hentry"],"_links":{"self":[{"href":"https:\/\/fernandapattiarquitetura.com.br\/index.php?rest_route=\/wp\/v2\/pages\/25"}],"collection":[{"href":"https:\/\/fernandapattiarquitetura.com.br\/index.php?rest_route=\/wp\/v2\/pages"}],"about":[{"href":"https:\/\/fernandapattiarquitetura.com.br\/index.php?rest_route=\/wp\/v2\/types\/page"}],"author":[{"embeddable":true,"href":"https:\/\/fernandapattiarquitetura.com.br\/index.php?rest_route=\/wp\/v2\/users\/1"}],"replies":[{"embeddable":true,"href":"https:\/\/fernandapattiarquitetura.com.br\/index.php?rest_route=%2Fwp%2Fv2%2Fcomments&post=25"}],"version-history":[{"count":151,"href":"https:\/\/fernandapattiarquitetura.com.br\/index.php?rest_route=\/wp\/v2\/pages\/25\/revisions"}],"predecessor-version":[{"id":1087,"href":"https:\/\/fernandapattiarquitetura.com.br\/index.php?rest_route=\/wp\/v2\/pages\/25\/revisions\/1087"}],"wp:attachment":[{"href":"https:\/\/fernandapattiarquitetura.com.br\/index.php?rest_route=%2Fwp%2Fv2%2Fmedia&parent=25"}],"curies":[{"name":"wp","href":"https:\/\/api.w.org\/{rel}","templated":true}]}}